 is the remainder when s is divided by t?
10
Suppose -10*v + 783 + 9207 = 0. What is the remainder when v is divided by 10?
9
Let j = -43 - -49. Suppose 0 = -j*l + 1 + 5. What is the remainder when (l - (-3 + 5) - 1) + 49 is divided by 5?
2
Let j = -1155 + 1194. Calculate the remainder when 1944 is divided by j.
33
Suppose -4*t = 12, 5*v - 114*t + 109*t = 575. What is the remainder when 123 is divided by v?
11
Let z(o) = -o**3 - 3*o**2 + 57*o + 20. Calculate the remainder when 1237 is divided by z(6).
21
Suppose -32*f + 651 - 81 = -13*f. Let d = -74 - -251. Calculate the remainder when d is divided by f.
27
Suppose 17*y - 137 = -647. Let j = -284 - -429. What is the remainder when j is divided by (735/y)/(3/(-6))?
47
Let d be -2 - -1 - (-248)/(-8). Let h be (-80)/d + 1/2. What is the remainder when 1 - ((-9)/h + -44) is divided by 13?
9
Suppose 6*x + 18 = 4*n + 4*x, -4*x + 12 = 4*n. Suppose z - 6*z - 2643 = -3*h, 5*z + 3524 = n*h. What is the remainder when h is divided by 18?
17
Let j(q) = -2*q**2 + 59*q + 64. Suppose 11*c + 480 = 27*c. What is the remainder when 199 is divided by j(c)?
29
Let m(t) = t**3 - 9*t**2 + 11*t - 23. Let f be m(9). Let z = f - 143. Let d = -57 - z. What is the remainder when 68 is divided by d?
8
Suppose -3*q - 2*q + f - 248 = 0, -q - 2*f - 43 = 0. Let a = -30 - q. Let s(c) = c**2 + 3*c - 14. What is the remainder when s(-10) is divided by a?
18
Suppose -29*l = -17*l - 13*l + 156. What is the remainder when l is divided by 52?
0
Let a = 26823 - 26099. What is the remainder when a is divided by 126?
94
Let c = 125 - 86. Suppose c*w = 44*w - 70. Calculate the remainder when 65 is divided by w.
9
Let v(h) = -h**2 - 21*h - 104. Let n be v(-8). Suppose -3*c + 39 + 22 = -4*b, 4*c + b - 56 = n. What is the remainder when 65 is divided by c?
5
Suppose -5*n + 2*w = -31, -2*n - 2299*w + 2296*w + 1 = 0. Let a = 6 + -16. Let v = a - -14. What is the remainder when n is divided by v?
1
Let a(w) = 2*w**2 - w - 13. Suppose 4*p + 11 = -n, -4*p + 5*n - 16 = n. Let y be a(p). What is the remainder when ((-618)/12)/(2/y*-2) is divided by 26?
25
Let w(k) = 58*k**3 - 2*k - 1. Let a be w(-1). Let c(m) = -2*m**3 + 112*m**2 + 116*m - 100. Calculate the remainder when (-5)/(5/2) - a is divided by c(57).
13
Suppose 9*g - 1248 = -15*g. Let h(b) = 2*b**2 - 2*b + 16. Let o be h(6). Let l = o - 70. Calculate the remainder when g is divided by l.
4
Let g = -292 + 299. Suppose 0 = 2*s + 4*p - 36, 30 = -2*s + g*s - 5*p. What is the remainder when 16 is divided by s?
6
Suppose -2564*t + 14310 = -2511*t. Calculate the remainder when 5935 is divided by t.
265
Suppose -68 = -5*m + 2*i, -i = 2*m + i - 16. Let o = -9000 + 9142. What is the remainder when o is divided by m?
10
Let a be 223/9 - -2*1/9. Let p = 138 - a. Suppose 137 = 2*l - p. What is the remainder when l is divided by 42?
41
Suppose 0 = 3*p - 6*p - 2*v + 415, 0 = 4*p - 5*v - 561. Suppose 2*i + p = -103. Let b = i - -130. Calculate the remainder when 26 is divided by b.
8
Suppose f - 2*f = -c - 101, 3*f = 5*c + 311. Suppose 3739*n - 3744*n + 94 = -y, 6 = y. Calculate the remainder when f is divided by n.
17
Suppose 4*i = -24, 13*i - 537 = -3*l + 14*i. Calculate the remainder when 2451 is divided by l.
150
Let v(z) = -9 - 949*z + 939*z + 9 + 35. Calculate the remainder when 233 is divided by v(-4).
8
Suppose 2*s + 3*a = 45, 2*s + 2*s - 78 = -2*a. What is the remainder when -54 + 53 - (-6 + -13) is divided by s?
0
Let r(g) = -2*g**3 - 16*g**2 - 80*g - 1086. Calculate the remainder when r(-11) is divided by 233.
54
Let t(m) = 59*m**2 + 201*m - 203. Calculate the remainder when 1003 is divided by t(1).
34
Suppose 52 = -4*t + 16. Let o be (-6)/(-9)*t/(-6) + 39. Let a = -28 + o. Calculate the remainder when 70 is divided by a.
10
Suppose 4*a + 16 = 0, 0 = 5*z - z + a - 100. Suppose -z*x + 24*x + 196 = 0. Calculate the remainder when x is divided by 34.
30
Let j(x) = -3*x - 31. Let p be 3/6 + (-213)/(-2). Let l = p + -118. Calculate the remainder when 2 is divided by j(l).
0
Suppose 2*l - 2*c = 662, -186*c = -187*c - 8. Calculate the remainder when 654 is divided by l.
8
Let y(k) = 431*k + 3932. What is the remainder when y(-8) is divided by 88?
44
Let t(w) = 34*w**2 - 13*w - 1. What is the remainder when t(-1) is divided by 15?
1
Let d be 0/(-15)*(-2)/4. Suppose d = r - 11 + 6. What is the remainder when 7 is divided by r?
2
Let b = -1919 + 2077. Calculate the remainder when b is divided by 61.
36
Suppose 9 = b - 8. Let d = -60 - -74. Suppose 0 = -d*j + 16*j - 200. Calculate the remainder when j is divided by b.
15
Suppose -11 - 47 = 4*d + 2*g, 31 = -2*d + g. Calculate the remainder when 22 is divided by 2/(-4)*(d - (-9 + 8)).
1
Suppose -2*k - 4*q + 238 = -108, 509 = 3*k + 11*q. Calculate the remainder when 686 is divided by k.
155
Suppose -11 = h - 60. Let t(i) = 2*i**3 - 39*i**2 + 20*i - 10. Let g be t(19). Calculate the remainder when h is divided by 224/g + (-3)/(-27).
24
Suppose 35*v - 34*v - d - 44 = 0, -5*v - 2*d + 178 = 0. Let l(c) = -32*c - 38. Calculate the remainder when l(-7) is divided by v.
34
Let z = 15 - 35. Let l = -84 - -111. Let q = z + l. Calculate the remainder when q is divided by 3.
1
Suppose 11*s = 13*s - 4*p - 20, 0 = -s - 3*p - 10. Calculate the remainder when (-1)/(11/s) + 15876/77 is divided by 16.
14
Let a(l) = 38*l**3 + 6*l**2 - 3*l + 3. Let b be a(2). Let j = b - 279. What is the remainder when 58 is divided by j?
12
Suppose 0 = 12*d - 10*d - 18. Suppose -34 = -d*n + 29. Calculate the remainder when n is divided by 2.
1
Let n(m) = 167*m**2 + m - 1. Calculate the remainder when n(1) is divided by (33*14/(-105))/(1/(-10)).
35
Let x(k) = k**3 + 7*k**2 + 2*k + 2. Suppose -h - 2*g + 57 = 0, g - 4*g + 180 = 3*h. What is the remainder when h is divided by x(-3)?
31
Suppose -14200 = -201*o - 329*o + 640. Suppose -7*q + 350 = -2*q. Calculate the remainder when q is divided by o.
14
Let i = -33482 - -33544. Calculate the remainder when 321 is divided by i.
11
Suppose -484*b + 481*b - 18 = 0. What is the remainder when 28/(-12)*(-2 - (-2 - b)) is divided by (14/(-4))/(1/(-2))?
0
Let i(v) = 474*v - 4. Suppose q + 3*g = -8, 0 = q + 6*g - 7*g - 4. What is the remainder when i(q) is divided by 43?
40
Suppose 448 + 104 = 3*u. Suppose -3*p + 117 = 4*n, 38*p + 148 = 42*p + 4*n. Calculate the remainder when u is divided by p.
29
Suppose 13811 = -3*h + 13892. Suppose 0 = 3*g - 1204 + 160. Calculate the remainder when g is divided by h.
24
Let q be (-1452)/(-24) - (15/6 - 3). Let m = q + -34. What is the remainder when 133 is divided by m?
25
Let z(o) = -o**3 - 4*o**2 + 9*o + 8. Let j = -1509 + 1514. Suppose j*m + 59*k - 203 = 62*k, k - 176 = -4*m. What is the remainder when m is divided by z(-6)?
17
Let x(k) = 2*k**2 + 6*k + 3. Suppose 492 = -4*d + 4*w, 0 = -0*d - 3*d - w - 353. Let u = 126 + d. What is the remainder when x(-5) is divided by u?
2
Suppose -365 = -5*y - 5*a, -3*a = 99*y - 97*y - 142. What is the remainder when 341 is divided by y?
33
Let p(s) = s**3 + 7*s**2 + 7*s + 19. Let h be p(-6). What is the remainder when 61 is divided by ((-39)/6)/h - 99/(-6)?
13
Suppose -z - 422 = -4*c + 57, 5*c - z - 600 = 0. Suppose 153 + 64 = 7*w. What is the remainder when c is divided by w?
28
Let a = -1393 - -1410. What is the remainder when 692 is divided by a?
12
Calculate the remainder when 2008 is divided by (3/(-4) - 60/(-10))/((-3)/(-4)).
6
Let n(h) = h**2 - 21*h + 107. Calculate the remainder when 1512 is divided by n(6).
16
Let s(g) be the third derivative of g**4/24 + 7*g**3 + g**2. Suppose 0 = -239*m + 1425 + 3833. What is the remainder when s(0) is divided by m?
20
Let s = -577 - -581. Suppose -28*n = -668 - s. What is the remainder when n is divided by 23?
1
Let i = -14630 - -14984. What is the remainder when 1098 is divided by i?
36
Let g = 116 + -101. Suppose 199*f - 198*f - g = 0. Let z = -42 - -146. Calculate the remainder when z is divided by f.
14
Let w be 0/67 + 136/(-12)*-9. Suppose i - 2 = -0*i. Suppose 0 = 2*m + i*a - w, 3*m - 5*a - 132 = -a. What is the remainder when 191 is divided by m?
47
Let u(g) = -2*g - 7. Let h be u(-4). Suppose -7*v = -189 + 168. Calculate the remainder when (-34)/(-4) - h/6*3 is divided by v.
2
Suppose -27*j + 5125 = 2060 - 5170. Calcula